{"id":1930,"date":"2021-01-20T03:52:06","date_gmt":"2021-01-20T03:52:06","guid":{"rendered":"https:\/\/maisfm88.com.br\/site\/?page_id=1930"},"modified":"2025-02-20T16:27:42","modified_gmt":"2025-02-20T19:27:42","slug":"quemsomos","status":"publish","type":"page","link":"https:\/\/maisfm88.com.br\/site\/quemsomos\/","title":{"rendered":"A R\u00e1dio"},"content":{"rendered":"\t\t<div data-elementor-type=\"wp-page\" data-elementor-id=\"1930\" class=\"elementor elementor-1930\">\n\t\t\t\t\t\t<section class=\"elementor-section elementor-top-section elementor-element elementor-element-279b4fa elementor-section-boxed elementor-section-height-default elementor-section-height-default\" data-id=\"279b4fa\" data-element_type=\"section\" data-settings=\"{&quot;background_background&quot;:&quot;classic&quot;}\">\n\t\t\t\t\t\t<div class=\"elementor-container elementor-column-gap-default\">\n\t\t\t\t\t<div class=\"elementor-column elementor-col-100 elementor-top-column elementor-element elementor-element-baab7e4\" data-id=\"baab7e4\" data-element_type=\"column\">\n\t\t\t<div class=\"elementor-widget-wrap elementor-element-populated\">\n\t\t\t\t\t\t<div class=\"elementor-element elementor-element-5a2b7b0 elementor-widget elementor-widget-image\" data-id=\"5a2b7b0\" data-element_type=\"widget\" data-widget_type=\"image.default\">\n\t\t\t\t<div class=\"elementor-widget-container\">\n\t\t\t\t\t\t\t\t\t\t\t\t\t<img fetchpriority=\"high\" decoding=\"async\" width=\"350\" height=\"385\" src=\"https:\/\/maisfm88.com.br\/site\/wp-content\/uploads\/2024\/05\/Design-sem-nome-2.png\" class=\"attachment-large size-large wp-image-5671\" alt=\"\" srcset=\"https:\/\/maisfm88.com.br\/site\/wp-content\/uploads\/2024\/05\/Design-sem-nome-2.png 350w, https:\/\/maisfm88.com.br\/site\/wp-content\/uploads\/2024\/05\/Design-sem-nome-2-273x300.png 273w, https:\/\/maisfm88.com.br\/site\/wp-content\/uploads\/2024\/05\/Design-sem-nome-2-143x157.png 143w\" sizes=\"(max-width: 350px) 100vw, 350px\" \/>\t\t\t\t\t\t\t\t\t\t\t\t\t<\/div>\n\t\t\t\t<\/div>\n\t\t\t\t\t<\/div>\n\t\t<\/div>\n\t\t\t\t\t<\/div>\n\t\t<\/section>\n\t\t\t\t<section class=\"elementor-section elementor-top-section elementor-element elementor-element-8e6d3a1 elementor-section-boxed elementor-section-height-default elementor-section-height-default\" data-id=\"8e6d3a1\" data-element_type=\"section\">\n\t\t\t\t\t\t<div class=\"elementor-container elementor-column-gap-default\">\n\t\t\t\t\t<div class=\"elementor-column elementor-col-100 elementor-top-column elementor-element elementor-element-c31ccd1\" data-id=\"c31ccd1\" data-element_type=\"column\">\n\t\t\t<div class=\"elementor-widget-wrap\">\n\t\t\t\t\t\t\t<\/div>\n\t\t<\/div>\n\t\t\t\t\t<\/div>\n\t\t<\/section>\n\t\t\t\t<section class=\"elementor-section elementor-top-section elementor-element elementor-element-6dd411f elementor-section-boxed elementor-section-height-default elementor-section-height-default\" data-id=\"6dd411f\" data-element_type=\"section\" data-settings=\"{&quot;background_background&quot;:&quot;classic&quot;}\">\n\t\t\t\t\t\t<div class=\"elementor-container elementor-column-gap-default\">\n\t\t\t\t\t<div class=\"elementor-column elementor-col-100 elementor-top-column elementor-element elementor-element-7b713c2\" data-id=\"7b713c2\" data-element_type=\"column\">\n\t\t\t<div class=\"elementor-widget-wrap elementor-element-populated\">\n\t\t\t\t\t\t<div class=\"elementor-element elementor-element-74e95b1 elementor-widget elementor-widget-heading\" data-id=\"74e95b1\" data-element_type=\"widget\" data-widget_type=\"heading.default\">\n\t\t\t\t<div class=\"elementor-widget-container\">\n\t\t\t<h2 class=\"elementor-heading-title elementor-size-default\"><h1 data-elementor-setting-key=\"title\" data-pen-placeholder=\"Digite aqui...\" style=\"font-weight: 500; font-size: 18px; color: rgb(236, 28, 36);\"><span style=\"color: rgb(0, 0, 0); font-size: 30px; font-weight: 700;\">Conhe\u00e7a a Mais FM<\/span><\/h1><\/h2>\t\t<\/div>\n\t\t\t\t<\/div>\n\t\t\t\t<div class=\"elementor-element elementor-element-b4654bf elementor-widget elementor-widget-heading\" data-id=\"b4654bf\" data-element_type=\"widget\" data-widget_type=\"heading.default\">\n\t\t\t\t<div class=\"elementor-widget-container\">\n\t\t\t<h2 class=\"elementor-heading-title elementor-size-default\"><h1 data-elementor-setting-key=\"title\" data-pen-placeholder=\"Digite aqui...\" style=\"font-weight: 500; font-size: 18px; color: rgb(236, 28, 36);\">T\u00e1 Na Mais, T\u00e1 Bom Demais!<\/h1><\/h2>\t\t<\/div>\n\t\t\t\t<\/div>\n\t\t\t\t<div class=\"elementor-element elementor-element-bc2c1b7 elementor-widget elementor-widget-text-editor\" data-id=\"bc2c1b7\" data-element_type=\"widget\" data-widget_type=\"text-editor.default\">\n\t\t\t\t<div class=\"elementor-widget-container\">\n\t\t\t\t\t\t\t<p>A R\u00e1dio Mais FM 88,5 \u00e9 fruto da migra\u00e7\u00e3o da R\u00e1dio Educadora AM, que entrou em funcionamento no ano de 1982.<\/p><p>Inicialmente com 1 Kw de pot\u00eancia ocupando a frequ\u00eancia 1.580 KHz, e desde 2009, com 5 Kw de pot\u00eancia na frequ\u00eancia 1.390 KHz, a emissora faz parte da cultura da cidade de Afonso Cl\u00e1udio e regi\u00e3o.<\/p><p>Ve\u00edculo de comunica\u00e7\u00e3o que presta relevantes servi\u00e7os \u00e0 comunidade e serve de entretenimento. A Mais FM 88,5 MHz conta com 5 mil watts de pot\u00eancia em seu transmissor e seu sistema irradiante est\u00e1 a 1.150 metros, situada na regi\u00e3o do Alto S\u00e3o Pedro\/Mata Fria, o que possibilita uma maior abrang\u00eancia do seu sinal, cuja capta\u00e7\u00e3o de verifica em toda a regi\u00e3o sudoeste serrana do Esp\u00edrito Santo.<\/p><p>Investiu-se na aquisi\u00e7\u00e3o de equipamentos modernos irradiando um som de alt\u00edssima qualidade, notadamente seu est\u00fadio, situado no centro da cidade, dotado de estrutura que se equipara as grandes r\u00e1dios do Brasil.<\/p><p><b>COBERTURA<\/b><\/p><p>Presente em 90% da regi\u00e3o Serrana e tamb\u00e9m atrav\u00e9s da internet.<\/p><p><b>MARCA<\/b><\/p><p>\u00c9 uma das marcas mais fortes do r\u00e1dio na regi\u00e3o do agroturismo capixaba.<\/p><p><b>LIDERAN\u00c7A<\/b><\/p><p>\u00c9 a emissora mais lembrada na regi\u00e3o do agroturismo capixaba.<\/p><p><b>TRADI\u00c7\u00c3O<br \/><\/b><\/p><p>Fruto da migra\u00e7\u00e3o R\u00e1dio Educadora AM-FM.<\/p><p><strong>Credibildiade<\/strong><\/p><p>Opini\u00e3o independente e fundamentada na apura\u00e7\u00e3o dos fatos.<\/p><p><strong>Pol\u00eamica<\/strong><\/p><p>Programa\u00e7\u00e3o que incentiva o debate e leva o ouvinte a formar conceito sobre os fatos.<\/p><p><strong>Equipe<\/strong><\/p><p>Os nomes mais lembrados integram a equipe, dentre eles: Paulo Aparecido, Kennedy e Rosi Lenk, Vanderley J\u00fanior e Robson Lel\u00ea.<\/p><p><strong>Reportagem<\/strong><\/p><p>Atenta aos acontecimentos de Afonso Cl\u00e1udio e regi\u00e3o, do Brasil e do mundo.<\/p><p><b>Formatos Diferenciados<\/b><\/p><p>Permite atingir p\u00fablicos espec\u00edficos com mais efici\u00eancia.<\/p><p><strong>Comportamento<\/strong><\/p><p>Ouvintes formadores de opini\u00e3o: empres\u00e1rios, governantes e profissionais liberais com alto n\u00edvel de decis\u00e3o.<\/p><p><strong>Miss\u00e3o<\/strong><\/p><p>Nossa miss\u00e3o \u00e9 levar aos ouvintes uma programa\u00e7\u00e3o variada e atraente, baseada na intera\u00e7\u00e3o constante com locutor e ouvinte.<\/p><p><strong>Objetivo<\/strong><\/p><p>O objetivo \u00e9 proporcionar uma melhor entrega, e constituindo-se uma importante ferramenta para o mercado anunciante, sendo que o meio r\u00e1dio se mant\u00e9m fortalecido, considerando seu imediatismo, instantaneidade , a mobilidade, o baixo custo, a portabilidade e o di\u00e1logo com o ouvinte.<\/p><p><strong>Baseada em cinco linhas t\u00e1ticas<\/strong><\/p><p>Informa\u00e7\u00e3o, Sociedade, Cidadania, Den\u00fancias e Servi\u00e7os.<\/p><p><strong>Posicionamento<\/strong><\/p><p>\u201cT\u00e1 na Mais, T\u00e1 Bom Demais!\u201d<\/p>\t\t\t\t\t\t<\/div>\n\t\t\t\t<\/div>\n\t\t\t\t\t<\/div>\n\t\t<\/div>\n\t\t\t\t\t<\/div>\n\t\t<\/section>\n\t\t\t\t<section class=\"elementor-section elementor-top-section elementor-element elementor-element-5ebc745 elementor-section-stretched elementor-section-boxed elementor-section-height-default elementor-section-height-default\" data-id=\"5ebc745\" data-element_type=\"section\" data-settings=\"{&quot;stretch_section&quot;:&quot;section-stretched&quot;}\">\n\t\t\t\t\t\t<div class=\"elementor-container elementor-column-gap-wide\">\n\t\t\t\t\t<div class=\"elementor-column elementor-col-100 elementor-top-column elementor-element elementor-element-f3ee043\" data-id=\"f3ee043\" data-element_type=\"column\">\n\t\t\t<div class=\"elementor-widget-wrap elementor-element-populated\">\n\t\t\t\t\t\t<div class=\"elementor-element elementor-element-384dc47 elementor-widget elementor-widget-heading\" data-id=\"384dc47\" data-element_type=\"widget\" data-widget_type=\"heading.default\">\n\t\t\t\t<div class=\"elementor-widget-container\">\n\t\t\t<h1 class=\"elementor-heading-title elementor-size-default\">Cultura, informa\u00e7\u00e3o , esporte, lazer, utilidade p\u00fablica, m\u00fasica de primeir\u00edssima qualidade, Radio Mais FM a seu dispor.<\/h1>\t\t<\/div>\n\t\t\t\t<\/div>\n\t\t\t\t\t<\/div>\n\t\t<\/div>\n\t\t\t\t\t<\/div>\n\t\t<\/section>\n\t\t\t\t<section class=\"elementor-section elementor-top-section elementor-element elementor-element-2cde302 elementor-section-stretched elementor-section-boxed elementor-section-height-default elementor-section-height-default\" data-id=\"2cde302\" data-element_type=\"section\" data-settings=\"{&quot;stretch_section&quot;:&quot;section-stretched&quot;,&quot;background_background&quot;:&quot;classic&quot;}\">\n\t\t\t\t\t\t\t<div class=\"elementor-background-overlay\"><\/div>\n\t\t\t\t\t\t\t<div class=\"elementor-container elementor-column-gap-default\">\n\t\t\t\t\t<div class=\"elementor-column elementor-col-100 elementor-top-column elementor-element elementor-element-e85237d\" data-id=\"e85237d\" data-element_type=\"column\">\n\t\t\t<div class=\"elementor-widget-wrap elementor-element-populated\">\n\t\t\t\t\t\t<div class=\"elementor-element elementor-element-964752a elementor-widget elementor-widget-rt-cta\" data-id=\"964752a\" data-element_type=\"widget\" data-widget_type=\"rt-cta.default\">\n\t\t\t\t<div class=\"elementor-widget-container\">\n\t\t\t<div class=\"banner-section \">\n\t    <h3 class=\"item-subtitle\">Have a Question About<\/h3>\n        <h2 class=\"item-title\">Company And Music Concert<\/h2>\n        <a class=\"item-btn\" href=\"https:\/\/maisfm88.com.br\/site\/contact-us\/\">CONTACT US<\/a>    <\/div>\n\t\t<\/div>\n\t\t\t\t<\/div>\n\t\t\t\t\t<\/div>\n\t\t<\/div>\n\t\t\t\t\t<\/div>\n\t\t<\/section>\n\t\t\t\t<section class=\"elementor-section elementor-top-section elementor-element elementor-element-7a6c90f elementor-section-stretched elementor-section-boxed elementor-section-height-default elementor-section-height-default\" data-id=\"7a6c90f\" data-element_type=\"section\" data-settings=\"{&quot;stretch_section&quot;:&quot;section-stretched&quot;,&quot;background_background&quot;:&quot;classic&quot;,&quot;shape_divider_top&quot;:&quot;wave-brush&quot;}\">\n\t\t\t\t\t<div class=\"elementor-shape elementor-shape-top\" data-negative=\"false\">\n\t\t\t<svg xmlns=\"http:\/\/www.w3.org\/2000\/svg\" viewBox=\"0 0 283.5 27.8\" preserveAspectRatio=\"none\">\n\t<path class=\"elementor-shape-fill\" d=\"M283.5,9.7c0,0-7.3,4.3-14,4.6c-6.8,0.3-12.6,0-20.9-1.5c-11.3-2-33.1-10.1-44.7-5.7\ts-12.1,4.6-18,7.4c-6.6,3.2-20,9.6-36.6,9.3C131.6,23.5,99.5,7.2,86.3,8c-1.4,0.1-6.6,0.8-10.5,2c-3.8,1.2-9.4,3.8-17,4.7\tc-3.2,0.4-8.3,1.1-14.2,0.9c-1.5-0.1-6.3-0.4-12-1.6c-5.7-1.2-11-3.1-15.8-3.7C6.5,9.2,0,10.8,0,10.8V0h283.5V9.7z M260.8,11.3\tc-0.7-1-2-0.4-4.3-0.4c-2.3,0-6.1-1.2-5.8-1.1c0.3,0.1,3.1,1.5,6,1.9C259.7,12.2,261.4,12.3,260.8,11.3z M242.4,8.6\tc0,0-2.4-0.2-5.6-0.9c-3.2-0.8-10.3-2.8-15.1-3.5c-8.2-1.1-15.8,0-15.1,0.1c0.8,0.1,9.6-0.6,17.6,1.1c3.3,0.7,9.3,2.2,12.4,2.7\tC239.9,8.7,242.4,8.6,242.4,8.6z M185.2,8.5c1.7-0.7-13.3,4.7-18.5,6.1c-2.1,0.6-6.2,1.6-10,2c-3.9,0.4-8.9,0.4-8.8,0.5\tc0,0.2,5.8,0.8,11.2,0c5.4-0.8,5.2-1.1,7.6-1.6C170.5,14.7,183.5,9.2,185.2,8.5z M199.1,6.9c0.2,0-0.8-0.4-4.8,1.1\tc-4,1.5-6.7,3.5-6.9,3.7c-0.2,0.1,3.5-1.8,6.6-3C197,7.5,199,6.9,199.1,6.9z M283,6c-0.1,0.1-1.9,1.1-4.8,2.5s-6.9,2.8-6.7,2.7\tc0.2,0,3.5-0.6,7.4-2.5C282.8,6.8,283.1,5.9,283,6z M31.3,11.6c0.1-0.2-1.9-0.2-4.5-1.2s-5.4-1.6-7.8-2C15,7.6,7.3,8.5,7.7,8.6\tC8,8.7,15.9,8.3,20.2,9.3c2.2,0.5,2.4,0.5,5.7,1.6S31.2,11.9,31.3,11.6z M73,9.2c0.4-0.1,3.5-1.6,8.4-2.6c4.9-1.1,8.9-0.5,8.9-0.8\tc0-0.3-1-0.9-6.2-0.3S72.6,9.3,73,9.2z M71.6,6.7C71.8,6.8,75,5.4,77.3,5c2.3-0.3,1.9-0.5,1.9-0.6c0-0.1-1.1-0.2-2.7,0.2\tC74.8,5.1,71.4,6.6,71.6,6.7z M93.6,4.4c0.1,0.2,3.5,0.8,5.6,1.8c2.1,1,1.8,0.6,1.9,0.5c0.1-0.1-0.8-0.8-2.4-1.3\tC97.1,4.8,93.5,4.2,93.6,4.4z M65.4,11.1c-0.1,0.3,0.3,0.5,1.9-0.2s2.6-1.3,2.2-1.2s-0.9,0.4-2.5,0.8C65.3,10.9,65.5,10.8,65.4,11.1\tz M34.5,12.4c-0.2,0,2.1,0.8,3.3,0.9c1.2,0.1,2,0.1,2-0.2c0-0.3-0.1-0.5-1.6-0.4C36.6,12.8,34.7,12.4,34.5,12.4z M152.2,21.1\tc-0.1,0.1-2.4-0.3-7.5-0.3c-5,0-13.6-2.4-17.2-3.5c-3.6-1.1,10,3.9,16.5,4.1C150.5,21.6,152.3,21,152.2,21.1z\"\/>\n\t<path class=\"elementor-shape-fill\" d=\"M269.6,18c-0.1-0.1-4.6,0.3-7.2,0c-7.3-0.7-17-3.2-16.6-2.9c0.4,0.3,13.7,3.1,17,3.3\tC267.7,18.8,269.7,18,269.6,18z\"\/>\n\t<path class=\"elementor-shape-fill\" d=\"M227.4,9.8c-0.2-0.1-4.5-1-9.5-1.2c-5-0.2-12.7,0.6-12.3,0.5c0.3-0.1,5.9-1.8,13.3-1.2\tS227.6,9.9,227.4,9.8z\"\/>\n\t<path class=\"elementor-shape-fill\" d=\"M204.5,13.4c-0.1-0.1,2-1,3.2-1.1c1.2-0.1,2,0,2,0.3c0,0.3-0.1,0.5-1.6,0.4\tC206.4,12.9,204.6,13.5,204.5,13.4z\"\/>\n\t<path class=\"elementor-shape-fill\" d=\"M201,10.6c0-0.1-4.4,1.2-6.3,2.2c-1.9,0.9-6.2,3.1-6.1,3.1c0.1,0.1,4.2-1.6,6.3-2.6\tS201,10.7,201,10.6z\"\/>\n\t<path class=\"elementor-shape-fill\" d=\"M154.5,26.7c-0.1-0.1-4.6,0.3-7.2,0c-7.3-0.7-17-3.2-16.6-2.9c0.4,0.3,13.7,3.1,17,3.3\tC152.6,27.5,154.6,26.8,154.5,26.7z\"\/>\n\t<path class=\"elementor-shape-fill\" d=\"M41.9,19.3c0,0,1.2-0.3,2.9-0.1c1.7,0.2,5.8,0.9,8.2,0.7c4.2-0.4,7.4-2.7,7-2.6\tc-0.4,0-4.3,2.2-8.6,1.9c-1.8-0.1-5.1-0.5-6.7-0.4S41.9,19.3,41.9,19.3z\"\/>\n\t<path class=\"elementor-shape-fill\" d=\"M75.5,12.6c0.2,0.1,2-0.8,4.3-1.1c2.3-0.2,2.1-0.3,2.1-0.5c0-0.1-1.8-0.4-3.4,0\tC76.9,11.5,75.3,12.5,75.5,12.6z\"\/>\n\t<path class=\"elementor-shape-fill\" d=\"M15.6,13.2c0-0.1,4.3,0,6.7,0.5c2.4,0.5,5,1.9,5,2c0,0.1-2.7-0.8-5.1-1.4\tC19.9,13.7,15.7,13.3,15.6,13.2z\"\/>\n<\/svg>\t\t<\/div>\n\t\t\t\t\t<div class=\"elementor-container elementor-column-gap-default\">\n\t\t\t\t\t<div class=\"elementor-column elementor-col-100 elementor-top-column elementor-element elementor-element-637f666\" data-id=\"637f666\" data-element_type=\"column\">\n\t\t\t<div class=\"elementor-widget-wrap elementor-element-populated\">\n\t\t\t\t\t\t<div class=\"elementor-element elementor-element-7dc40ac elementor-widget elementor-widget-rt-title\" data-id=\"7dc40ac\" data-element_type=\"widget\" data-widget_type=\"rt-title.default\">\n\t\t\t\t<div class=\"elementor-widget-container\">\n\t\t\t\n<div class=\"section-defauly-style section-heading-2 center\">\n    <h2 class=\"heading-title\"> Nossos Locutores <\/h2>\n            <p class=\"section-subtitle\">Conhe\u00e7a a equipe de locutores da Mais FM a queridinha da regi\u00e3o serrana do Esp\u00edrito Santo. \nT\u00e1 na Mais, T\u00e1 Bom Demais!<\/p>\n    <\/div>\t\t<\/div>\n\t\t\t\t<\/div>\n\t\t\t\t<div class=\"elementor-element elementor-element-a0e11fc elementor-widget elementor-widget-rt-team-member\" data-id=\"a0e11fc\" data-element_type=\"widget\" data-widget_type=\"rt-team-member.default\">\n\t\t\t\t<div class=\"elementor-widget-container\">\n\t\t\t<div class=\"team-default-layout team-modern\">\n    <div class=\"row\">\n                                <div class=\"col-lg-3 col-md-6 col-sm-6 col-12\">\n            <div class=\"team-box\">\n                                    <div class=\"item-img\"><img decoding=\"async\" width=\"350\" height=\"385\" src=\"https:\/\/maisfm88.com.br\/site\/wp-content\/uploads\/2020\/11\/Paulo-Aparecido-530-x-585.png\" class=\"attachment-fmwave-size-team2 size-fmwave-size-team2 wp-post-image\" alt=\"\" srcset=\"https:\/\/maisfm88.com.br\/site\/wp-content\/uploads\/2020\/11\/Paulo-Aparecido-530-x-585.png 350w, https:\/\/maisfm88.com.br\/site\/wp-content\/uploads\/2020\/11\/Paulo-Aparecido-530-x-585-273x300.png 273w, https:\/\/maisfm88.com.br\/site\/wp-content\/uploads\/2020\/11\/Paulo-Aparecido-530-x-585-143x157.png 143w\" sizes=\"(max-width: 350px) 100vw, 350px\" \/><\/div>\n                                <div class=\"item-content\">\n                    <h3 class=\"item-title\"><a href=\"https:\/\/maisfm88.com.br\/site\/time\/pauloaparecido\/\">Paulo Aparecido<\/a><\/h3>\n\t\t\t\t\t                    <div class=\"item-subtitle\">Breakfast Show<\/div>\n\t\t\t\t\t\t\t\t\t\t                    <div class=\"item-time\">Sat, Sun 12:05<\/div>\n                                            <div class=\"item-social\">\n                                                                                                <a target=\"_blank\" href=\"#\"><i class=\"fab fa-facebook-f\" aria-hidden=\"true\"><\/i><\/a>\n                                                                                                                                <a target=\"_blank\" href=\"#\"><i class=\"fab fa-twitter\" aria-hidden=\"true\"><\/i><\/a>\n                                                                                                                                                                                            <a target=\"_blank\" href=\"#\"><i class=\"fab fa-youtube\" aria-hidden=\"true\"><\/i><\/a>\n                                                                                                                                                                                            <a target=\"_blank\" href=\"#\"><i class=\"fab fa-instagram\" aria-hidden=\"true\"><\/i><\/a>\n                                                                                                                                                <\/div>\n                                    <\/div>\n            <\/div>\n        <\/div>\n                        <div class=\"col-lg-3 col-md-6 col-sm-6 col-12\">\n            <div class=\"team-box\">\n                                    <div class=\"item-img\"><img decoding=\"async\" width=\"350\" height=\"385\" src=\"https:\/\/maisfm88.com.br\/site\/wp-content\/uploads\/2020\/11\/Pamela-530-x-585.jpg\" class=\"attachment-fmwave-size-team2 size-fmwave-size-team2 wp-post-image\" alt=\"\" srcset=\"https:\/\/maisfm88.com.br\/site\/wp-content\/uploads\/2020\/11\/Pamela-530-x-585.jpg 350w, https:\/\/maisfm88.com.br\/site\/wp-content\/uploads\/2020\/11\/Pamela-530-x-585-273x300.jpg 273w, https:\/\/maisfm88.com.br\/site\/wp-content\/uploads\/2020\/11\/Pamela-530-x-585-143x157.jpg 143w\" sizes=\"(max-width: 350px) 100vw, 350px\" \/><\/div>\n                                <div class=\"item-content\">\n                    <h3 class=\"item-title\"><a href=\"https:\/\/maisfm88.com.br\/site\/time\/pamelacristina\/\">P\u00e2mela Cristina<\/a><\/h3>\n\t\t\t\t\t                    <div class=\"item-subtitle\">Breakfast Show<\/div>\n\t\t\t\t\t\t\t\t\t\t                    <div class=\"item-time\">Sat, Sat 12:05<\/div>\n                                            <div class=\"item-social\">\n                                                                                                <a target=\"_blank\" href=\"#\"><i class=\"fab fa-facebook-f\" aria-hidden=\"true\"><\/i><\/a>\n                                                                                                                                <a target=\"_blank\" href=\"#\"><i class=\"fab fa-twitter\" aria-hidden=\"true\"><\/i><\/a>\n                                                                                                                                                                                            <a target=\"_blank\" href=\"#\"><i class=\"fab fa-youtube\" aria-hidden=\"true\"><\/i><\/a>\n                                                                                                                                                                                            <a target=\"_blank\" href=\"#\"><i class=\"fab fa-instagram\" aria-hidden=\"true\"><\/i><\/a>\n                                                                                                                                                <\/div>\n                                    <\/div>\n            <\/div>\n        <\/div>\n                        <div class=\"col-lg-3 col-md-6 col-sm-6 col-12\">\n            <div class=\"team-box\">\n                                    <div class=\"item-img\"><img loading=\"lazy\" decoding=\"async\" width=\"350\" height=\"385\" src=\"https:\/\/maisfm88.com.br\/site\/wp-content\/uploads\/2020\/11\/Design-sem-nome-3.jpg\" class=\"attachment-fmwave-size-team2 size-fmwave-size-team2 wp-post-image\" alt=\"\" srcset=\"https:\/\/maisfm88.com.br\/site\/wp-content\/uploads\/2020\/11\/Design-sem-nome-3.jpg 350w, https:\/\/maisfm88.com.br\/site\/wp-content\/uploads\/2020\/11\/Design-sem-nome-3-273x300.jpg 273w, https:\/\/maisfm88.com.br\/site\/wp-content\/uploads\/2020\/11\/Design-sem-nome-3-143x157.jpg 143w\" sizes=\"(max-width: 350px) 100vw, 350px\" \/><\/div>\n                                <div class=\"item-content\">\n                    <h3 class=\"item-title\"><a href=\"https:\/\/maisfm88.com.br\/site\/time\/kennedyerose\/\">Kennedy e Rosi<\/a><\/h3>\n\t\t\t\t\t                    <div class=\"item-subtitle\">Breakfast Show<\/div>\n\t\t\t\t\t\t\t\t\t\t                    <div class=\"item-time\">Sat, Fri 12:05<\/div>\n                                            <div class=\"item-social\">\n                                                                                                <a target=\"_blank\" href=\"#\"><i class=\"fab fa-facebook-f\" aria-hidden=\"true\"><\/i><\/a>\n                                                                                                                                <a target=\"_blank\" href=\"#\"><i class=\"fab fa-twitter\" aria-hidden=\"true\"><\/i><\/a>\n                                                                                                                                                                                            <a target=\"_blank\" href=\"#\"><i class=\"fab fa-youtube\" aria-hidden=\"true\"><\/i><\/a>\n                                                                                                                                                                                            <a target=\"_blank\" href=\"#\"><i class=\"fab fa-instagram\" aria-hidden=\"true\"><\/i><\/a>\n                                                                                                                                                <\/div>\n                                    <\/div>\n            <\/div>\n        <\/div>\n                        <div class=\"col-lg-3 col-md-6 col-sm-6 col-12\">\n            <div class=\"team-box\">\n                                    <div class=\"item-img\"><img loading=\"lazy\" decoding=\"async\" width=\"350\" height=\"385\" src=\"https:\/\/maisfm88.com.br\/site\/wp-content\/uploads\/2020\/11\/Design-sem-nome-6.jpg\" class=\"attachment-fmwave-size-team2 size-fmwave-size-team2 wp-post-image\" alt=\"\" srcset=\"https:\/\/maisfm88.com.br\/site\/wp-content\/uploads\/2020\/11\/Design-sem-nome-6.jpg 350w, https:\/\/maisfm88.com.br\/site\/wp-content\/uploads\/2020\/11\/Design-sem-nome-6-273x300.jpg 273w, https:\/\/maisfm88.com.br\/site\/wp-content\/uploads\/2020\/11\/Design-sem-nome-6-143x157.jpg 143w\" sizes=\"(max-width: 350px) 100vw, 350px\" \/><\/div>\n                                <div class=\"item-content\">\n                    <h3 class=\"item-title\"><a href=\"https:\/\/maisfm88.com.br\/site\/time\/robsonlele\/\">Robson Lel\u00ea<\/a><\/h3>\n\t\t\t\t\t                    <div class=\"item-subtitle\">Breakfast Show<\/div>\n\t\t\t\t\t\t\t\t\t\t                    <div class=\"item-time\">Sat, Wed 12:05<\/div>\n                                            <div class=\"item-social\">\n                                                                                                <a target=\"_blank\" href=\"#\"><i class=\"fab fa-facebook-f\" aria-hidden=\"true\"><\/i><\/a>\n                                                                                                                                <a target=\"_blank\" href=\"#\"><i class=\"fab fa-twitter\" aria-hidden=\"true\"><\/i><\/a>\n                                                                                                                                                                                            <a target=\"_blank\" href=\"#\"><i class=\"fab fa-youtube\" aria-hidden=\"true\"><\/i><\/a>\n                                                                                                                                                                                            <a target=\"_blank\" href=\"https:\/\/www.instagram.com\/robsonlele\/\"><i class=\"fab fa-instagram\" aria-hidden=\"true\"><\/i><\/a>\n                                                                                                                                                <\/div>\n                                    <\/div>\n            <\/div>\n        <\/div>\n                    <\/div>\n<\/div>\n\t\t<\/div>\n\t\t\t\t<\/div>\n\t\t\t\t\t<\/div>\n\t\t<\/div>\n\t\t\t\t\t<\/div>\n\t\t<\/section>\n\t\t\t\t<\/div>\n\t\t","protected":false},"excerpt":{"rendered":"<p>Conhe\u00e7a a Mais FM T\u00e1 Na Mais, T\u00e1 Bom Demais! A R\u00e1dio Mais FM 88,5 \u00e9 fruto da migra\u00e7\u00e3o da R\u00e1dio Educadora AM, que entrou em funcionamento no ano de 1982. Inicialmente com 1 Kw de pot\u00eancia ocupando a frequ\u00eancia 1.580 KHz, e desde 2009, com 5 Kw de pot\u00eancia na frequ\u00eancia 1.390 KHz, a&#8230;<\/p>\n","protected":false},"author":1,"featured_media":0,"parent":0,"menu_order":0,"comment_status":"closed","ping_status":"closed","template":"","meta":{"om_disable_all_campaigns":false,"footnotes":""},"class_list":["post-1930","page","type-page","status-publish","hentry","have-post-thumb"],"_links":{"self":[{"href":"https:\/\/maisfm88.com.br\/site\/wp-json\/wp\/v2\/pages\/1930","targetHints":{"allow":["GET"]}}],"collection":[{"href":"https:\/\/maisfm88.com.br\/site\/wp-json\/wp\/v2\/pages"}],"about":[{"href":"https:\/\/maisfm88.com.br\/site\/wp-json\/wp\/v2\/types\/page"}],"author":[{"embeddable":true,"href":"https:\/\/maisfm88.com.br\/site\/wp-json\/wp\/v2\/users\/1"}],"replies":[{"embeddable":true,"href":"https:\/\/maisfm88.com.br\/site\/wp-json\/wp\/v2\/comments?post=1930"}],"version-history":[{"count":55,"href":"https:\/\/maisfm88.com.br\/site\/wp-json\/wp\/v2\/pages\/1930\/revisions"}],"predecessor-version":[{"id":6150,"href":"https:\/\/maisfm88.com.br\/site\/wp-json\/wp\/v2\/pages\/1930\/revisions\/6150"}],"wp:attachment":[{"href":"https:\/\/maisfm88.com.br\/site\/wp-json\/wp\/v2\/media?parent=1930"}],"curies":[{"name":"wp","href":"https:\/\/api.w.org\/{rel}","templated":true}]}}